5*m**2 - 85*m - 325. Let n be x(-7). What is the greatest common divisor of 1830 and n?
5
Let b(h) = -2*h**3 - 3*h**2 - 9*h + 2. Let n be b(-4). Let g = 175 - -2. What is the greatest common factor of n and g?
59
Let p(s) = -s**3 - 2*s**2 + 97*s + 31. Let t be p(9). Suppose -6*v = -v - 1495. Calculate the highest common factor of v and t.
13
Let d(l) = 3*l**2 - 73*l - 39. Let t be d(33). Let y be (-4)/10 + (-317)/(-5). Calculate the highest common factor of y and t.
63
Suppose -75*k = -66*k - 45. Suppose -d - a = 2*d - 58, -94 = -k*d - 3*a. Calculate the highest common factor of d and 290.
10
Let o(i) = i**3 + 18*i**2 + 2*i + 50. Let f be o(-18). Let q be (f/(-84))/((-5)/390). What is the greatest common factor of q and 377?
13
Suppose 18*g - 123 = -15. Let f = g - 4. Calculate the highest common divisor of f and 7.
1
Let j be 326 - ((-1)/4 + (-425)/(-340)). Calculate the highest common divisor of j and 35.
5
Let x(o) = o + 5. Let i be x(-3). Suppose 5*a + 3*k + 1 = -1, 1 = i*a + 3*k. Let u be 197 + 0 + a/(-1). What is the greatest common divisor of u and 18?
18
Let p = 964 + -796. Let h = 324 + -268. Calculate the greatest common divisor of p and h.
56
Suppose -272*c + 126229 + 62805 = -111526. Calculate the highest common factor of 715 and c.
65
Let n(j) = -j**3 - 22*j**2 + 21*j + 30. Let w be n(-23). Suppose -4180 = -7*g - 15*g. Calculate the greatest common factor of w and g.
38
Suppose 153*c = -11*c - 12*c + 14432. Calculate the highest common divisor of c and 1107.
41
Let w(x) = x**2 - 207*x + 1034. Let o be w(5). Calculate the greatest common divisor of o and 996.
12
Let u(p) = 11*p - 3. Let x be u(2). Suppose 5*i + 3*j = 3327 - 9152, -3*i - 2*j = 3494. Let a = -959 - i. Calculate the highest common factor of a and x.
19
Let y(v) = 4*v - 39. Let z be y(11). Suppose s + 6*h - 5 = z*h, 0 = -2*s + h + 25. Calculate the highest common factor of s and 110.
10
Let h(t) = -3*t**2 - 274*t - 87. Let y be h(-91). What is the highest common factor of 576 and y?
4
Let j = 4 - -192. Let m = -164 + j. Calculate the greatest common divisor of 144 and m.
16
Let o(w) = 5*w + 3468. Let i be o(-24). What is the highest common factor of 248 and i?
124
Let d = 182 - 186. Let l be 1 + (d - -3)*-77. Calculate the highest common divisor of l and 52.
26
Suppose -192 = -2*x + 4*h, -3*h - 58 - 242 = -3*x. Calculate the highest common divisor of x and 338.
26
Let u be 3/3*-1 - -9. Let p be ((-3)/(-2))/(3 + (-20)/u). Suppose 2*z = -8, 223 = p*s + 3*z - 29. Calculate the greatest common factor of 11 and s.
11
Let o(z) = 7*z + 198. Let g(n) = -33*n + 396. Let h be g(12). Let j be o(h). Calculate the highest common factor of j and 108.
18
Suppose 4 = 4*o - 8. Let j be 2 - (81/9)/9. Calculate the highest common divisor of o and j.
1
Suppose 3*a - 1707 = -3*o, 61*o = 58*o + 4*a + 1728. Calculate the highest common factor of o and 416.
52
Let a be (-396)/14*(-490)/105. What is the greatest common factor of a and 352?
44
Suppose -17317 - 9045 = -4*t + 2*r, 2*r - 6588 = -t. Calculate the greatest common factor of 20 and t.
10
Let b(a) = a**3 + 15*a**2 + 29*a + 71. Let t be b(-13). What is the highest common divisor of 8864 and t?
32
Let z(d) = 138*d + 1274. Let p be z(-9). What is the highest common divisor of 1680 and p?
16
Suppose -29*l - 1723 + 12043 = -23*l. Calculate the greatest common factor of l and 516.
172
Let i(j) = -2*j**3 - 5*j**2 - 4*j - 20. Let z be i(-4). Let f be (-1 + 0 - (3 - z))*2. What is the greatest common divisor of 64 and f?
16
Suppose a + 5*u = -7, -3*a = -0*a - 2*u - 13. Let d be (-12 - -9)/(a/3). Let v be d*(-24)/9 + 4. What is the highest common divisor of v and 3?
3
Let o be (3 - 11)*(-1)/4. Suppose -o*k + 52 = -4*h, h = -4*k + 37 + 22. Calculate the highest common factor of k and 8.
8
Suppose 0 = -3*l - 0*l + 144. Let k(y) = -12*y**3 + 6*y**2 + 6*y - 12. Let t be k(-6). Suppose 19*d - t = -4*d. What is the greatest common divisor of d and l?
24
Let c be -5*(-8)/(160/12) - (-1857 - 4). Calculate the greatest common divisor of 16 and c.
8
Suppose -4*t + 9*t = -5*t + 1800. What is the greatest common divisor of t and 6075?
45
Suppose 9 = 5*o - 6. Let d be o - 4 - (1 + -45). Suppose 0 = 11*p - 2779 - 1478. Calculate the highest common factor of p and d.
43
Suppose 0 = -2*o - 4*s + 262, 4*o + 2*s = -26 + 568. Suppose 219 = -67*w + 70*w. Let j = o - w. Calculate the greatest common factor of 160 and j.
32
Suppose -3*r + 2*v + v + 48 = 0, -5*v - 62 = -4*r. Suppose 3*b + 3*p = r, b + 2 = -5*p - 4. Calculate the highest common divisor of 3 and b.
3
Suppose -1 = -2*d + 7. Suppose 81*a - 10766 = -676*a + 36168. Calculate the highest common factor of d and a.
2
Suppose -154*p - 161*p = -42*p - 3466008. What is the greatest common factor of p and 48?
24
Let w(a) = -48*a - 88. Let m be w(-4). Let s be -6*(3/6 - 1). Let i be 11/3*s + 2. What is the greatest common factor of i and m?
13
Let d be (2/(-4 - -2))/(37/(-1813)). What is the highest common divisor of 833 and d?
49
Let s(m) = 2*m**2 - 45*m - 165. Let r be s(36). Suppose 17*p - 162 = r. Calculate the highest common factor of p and 133.
19
Suppose 2 = -2*y, 5*s + 3*y - 21 - 166 = 0. Calculate the highest common divisor of 1786 and s.
38
Suppose 2*r - 142 = -3*w - 6, 0 = r + 4*w - 58. Let y = 123 + -119. Suppose -193 + 14 = -5*g - 3*f, 2*f + y = 0. What is the greatest common factor of r and g?
37
Suppose -z - 2*z + 27 = 0. Let y = 112 - 80. Suppose 3*b = 2*m - 153, -2*m - y + 188 = -4*b. Calculate the highest common divisor of m and z.
9
Let m be ((-540)/486)/(1/(-36)). Calculate the greatest common divisor of m and 1420.
20
Let l be (-6)/3*(-90)/4. Suppose -2239*d + 5265 = -2230*d. Calculate the highest common factor of d and l.
45
Let g = 53 + -11. Let h = 402 - 442. Let p = h + g. Calculate the greatest common factor of p and 6.
2
Suppose -w + 4*w = 4*t + 181, 5*w = -4*t + 259. Let c be (-41 - -1)*(-99)/w. What is the greatest common factor of c and 162?
18
Suppose 3 = 5*r - 2*x - 12, -25 = -5*x. Suppose -l - r = -2*l, 2*b - 5*l = 175. Calculate the highest common divisor of b and 50.
50
Let z(d) be the second derivative of d**4/2 - d**3/6 - 5*d**2/2 + 70*d. Suppose 3*u + 8 = u. Let p be z(u). What is the greatest common factor of 38 and p?
19
Suppose 0 = 6*l - 20*l + 4480. Suppose -2*y = -5*m - 7*y + 655, -5*m = -y - 637. What is the greatest common factor of m and l?
64
Suppose 7 = 6*s - 71. Suppose 4*b - 164 = -s*o + 9*o, 4*b - 149 = -o. What is the greatest common divisor of 396 and b?
36
Suppose 4*m = -2*p + 48, 4*m + 24 = 6*m - 3*p. What is the highest common factor of m and 90?
6
Let a be (-512)/32 + 59 + 7. Let h be (-9)/12 + (-163)/(-4). What is the greatest common factor of h and a?
10
Let x(m) = 63*m + 13. Let f be x(0). Calculate the greatest common divisor of 351 and f.
13
Let p = 197 - 185. Let i be 2902/p - (-5)/30. What is the greatest common factor of i and 22?
22
Suppose 74 + 57 + 89 = 11*z. Calculate the highest common factor of z and 692.
4
Suppose -6*m = -3*m - 2*p - 122, 0 = 5*m + 3*p - 178. Let i = 51 + -32. What is the greatest common factor of m and i?
19
Let c be (-698)/10 - -1 - (-4)/(-20). Let r = 120 + c. Let h = -27 - -95. What is the greatest common factor of r and h?
17
Suppose 3*h - 627 = 3*a, 4*a + 0 = -4. Let p be 380/20 + 4/(-8)*-6. Suppose 20*k + 52 = p*k. What is the highest common divisor of k and h?
26
Let f = -29 - -31. Suppose f - 31 = c. Let u = c + 42. What is the greatest common factor of 13 and u?
13
Let k(f) = -f**3 - f**2 + 67*f + 150. Let o be k(-11). What is the highest common divisor of 14 and o?
7
Suppose 0 = -211*i + 7015 + 1847. What is the greatest common divisor of 1120 and i?
14
Suppose -5*i + 1811 = -109. Calculate the highest common factor of i and 36.
12
Let r be (-1 - -32)/(8 - 7). Let x be 270/38 - 12/114. Suppose -x*l + 2117 = 381. What is the highest common factor of l and r?
31
Let v(s) = 2*s**3 + 12*s**2 + 80*s + 506. Let c be v(-6). Suppose -3*d + 565 + 98 = 0. What is the greatest common divisor of c and d?
13
Let d(x) = x**3 + 15*x**2 - 3*x - 13. Let s be d(-12). Suppose -6*q + 1313 = s. Let w = 6 + 7. Calculate the greatest common divisor of w and q.
13
Let s = -622 + 626. Suppose t - 2*t - 563 = -s*m, 4*t + 12 = 0. Calculat